77
Calculate the highest common factor of 14892 and 3708057.
51
What is the highest common factor of 19764586 and 148?
74
Calculate the highest common factor of 45 and 6217434.
9
Calculate the greatest common divisor of 125 and 91211500.
125
What is the greatest common divisor of 188 and 36857588?
188
What is the greatest common factor of 271743 and 1806123?
717
What is the greatest common divisor of 22 and 911550310?
22
What is the highest common factor of 797352 and 66792?
24
Calculate the highest common divisor of 6860560 and 240.
80
Calculate the greatest common factor of 1890106 and 19706.
334
What is the greatest common factor of 50718955 and 35?
35
What is the greatest common factor of 17139015 and 45?
45
What is the highest common divisor of 248228203 and 901?
901
Calculate the highest common factor of 2992 and 3472964.
748
What is the greatest common factor of 11358028 and 44?
44
What is the greatest common divisor of 35841554 and 49581?
5509
Calculate the highest common divisor of 1503 and 339344.
167
Calculate the highest common divisor of 1045510 and 10.
10
What is the highest common factor of 1142776 and 514840?
1688
Calculate the highest common divisor of 480 and 14599968.
96
What is the highest common divisor of 18305 and 81797723?
3661
Calculate the greatest common divisor of 23472910 and 10.
10
What is the greatest common factor of 14999645 and 1271?
41
What is the highest common factor of 81034 and 214148?
62
Calculate the highest common factor of 1187089920 and 36180.
12060
What is the greatest common divisor of 9534 and 3423?
21
Calculate the highest common divisor of 4276543 and 2077.
2077
What is the greatest common factor of 236 and 2155092?
4
Calculate the highest common factor of 175 and 33058375.
175
What is the highest common factor of 457692 and 36?
12
Calculate the highest common factor of 17594963 and 2245.
449
Calculate the highest common factor of 95175 and 333.
9
Calculate the greatest common factor of 182160 and 33440.
880
Calculate the greatest common factor of 56 and 652595076.
28
Calculate the greatest common divisor of 124676565 and 1290.
645
Calculate the greatest common divisor of 145306116 and 28810.
5762
What is the greatest common divisor of 249635699 and 152?
19
Calculate the greatest common divisor of 1322 and 2037970082.
1322
What is the greatest common divisor of 1496198 and 283316?
1034
Calculate the greatest common factor of 649 and 64644943.
649
What is the greatest common factor of 579 and 4822491?
579
What is the highest common factor of 85136 and 3264?
272
Calculate the greatest common divisor of 1795546 and 21550.
862
Calculate the highest common factor of 164 and 471779292.
164
Calculate the highest common divisor of 56 and 397297012.
28
What is the greatest common divisor of 195416491 and 97?
97
Calculate the highest common factor of 9202 and 2875537581.
4601
What is the greatest common divisor of 93327312 and 24?
24
What is the highest common divisor of 728 and 1968148?
364
Calculate the highest common factor of 166383 and 129105.
171
What is the greatest common factor of 2814398 and 346076?
482
What is the highest common factor of 6040 and 1240690?
10
Calculate the greatest common factor of 237735 and 158274.
81
Calculate the greatest common divisor of 2142 and 214933278.
714
What is the highest common divisor of 2161183 and 11917?
701
What is the greatest common factor of 352 and 1513886?
22
What is the greatest common divisor of 186 and 27595797?
93
Calculate the greatest common divisor of 27957345 and 44256.
1383
Calculate the highest common factor of 10208310 and 4830.
210
Calculate the greatest common factor of 185495261 and 1631.
1631
Calculate the highest common factor of 2471315 and 25245.
55
What is the greatest common factor of 18694 and 38376?
26
What is the greatest common divisor of 211763 and 68408?
503
Calculate the highest common divisor of 139742 and 42586.
214
What is the highest common divisor of 99 and 8550747?
9
What is the greatest common factor of 69863290 and 7455?
2485
Calculate the highest common divisor of 576683912 and 56.
56
What is the highest common divisor of 658 and 2300130?
14
Calculate the greatest common divisor of 61 and 298595305.
61
What is the highest common factor of 159620 and 189980?
460
Calculate the greatest common factor of 28234512 and 888.
24
Calculate the greatest common factor of 50911383 and 3.
3
Calculate the highest common factor of 2322 and 2172102.
258
Calculate the greatest common factor of 13520 and 9809280.
1040
Calculate the highest common divisor of 1850 and 20715412.
74
Calculate the greatest common factor of 468 and 10880649.
117
Calculate the greatest common divisor of 135076768 and 3104.
3104
What is the greatest common factor of 44 and 27464756?
44
What is the highest common factor of 58618 and 23700?
158
Calculate the highest common factor of 19421438 and 186.
62
What is the highest common factor of 308 and 15522089?
11
What is the greatest common divisor of 36628501 and 728?
91
Calculate the highest common factor of 13892 and 7274576.
604
What is the highest common factor of 7 and 8188754?
7
What is the highest common divisor of 11074 and 803306?
98
What is the greatest common factor of 287342 and 2183?
37
Calculate the greatest common factor of 182247 and 7059.
39
Calculate the greatest common divisor of 561384 and 1276776.
4968
Calculate the greatest common divisor of 1450995 and 429.
39
What is the greatest common divisor of 11250450 and 18450?
450
Calculate the greatest common factor of 23068 and 54826.
158
Calculate the highest common divisor of 36360117 and 279.
279
What is the greatest common factor of 1343994 and 78?
6
Calculate the highest common factor of 942682 and 22646.
338
Calculate the highest common factor of 17673334 and 23009.
1211
Calculate the greatest common divisor of 11481 and 129.
129
What is the greatest common factor of 2953046 and 4?
2
Calculate the highest common divisor of 14904 and 2601072.
648
What is the highest common divisor of 561 and 127316043?
51
Calculate the greatest common divisor of 76 and 235734938.
38
What is the highest common divisor of 10992 and 74728196?
916
What is the greatest common divisor of 1062968 and 11336?
872
What is the highest common factor of 6073970 and 224?
14
What is the greatest common factor of 53133 and 3463197?
597
Calculate the greatest common divisor of 5873 and 252875.
7
What is the greatest common divisor of 661 and 1259894423?
661
What is the highest common divisor of 90640 and 7387600?
880
What is the highest common divisor of 26 and 3062553?
13
What is the greatest common divisor of 1570348 and 41860?
1196
What is the highest common factor of 25382 and 118124202?
3626
Calculate the greatest common factor of 13068 and 75209607.
3267
What is the highest common factor of 1216 and 34728276?
76
Calculate the highest common factor of 10655 and 66757837.
2131
Calculate the greatest common factor of 5238 and 148313.
97
What is the highest common divisor of 28016864 and 32?
32
Calculate the greatest common factor of 686 and 4740498.
14
Calculate the highest common factor of 291665 and 37015.
55
Calculate the highest common factor of 12124812 and 33796.
1988
What is the greatest common factor of 222 and 112011?
3
Calculate the greatest common factor of 45076 and 494308.
764
Calculate the greatest common divisor of 8008434 and 1386.
126
What is the greatest common factor of 9495 and 407075337?
1899
What is the highest common divisor of 78 and 52296868?
26
Calculate the highest common divisor of 8784 and 149522346.
1098
What is the greatest common divisor of 6428094 and 102?
6
What is the highest common divisor of 1490 and 300945730?
1490
What is the highest common factor of 45564969 and 1347?
1347
Calculate the greatest common factor of 3823218 and 180.
18
What is the highest common divisor of 462375 and 202075?
3425
Calculate the highest common factor of 61846549 and 146.
73
What is the greatest common factor of 151 and 677?
1
Calculate the greatest common factor of 9372 and 33825891.
2343
Calculate the highest common factor of 492 and 2302052.
4
What is the greatest common factor of 613948843 and 2606?
1303
Calculate the greatest common factor of 20038